f d.
7, 23
Suppose u + 20 = 5*u + 5*q, 4*u - 20 = q. Suppose -u*k + 36 + 114 = 0. What are the prime factors of k?
2, 3, 5
Let b = -14 - -16. Suppose 4*r + 4*w - 76 = 0, b*r + 1 = r + 4*w. List the prime factors of r.
3, 5
Suppose -5*r - 75 = -2*b, -3*r = -6*r + 9. Let t be 10/b + 392/18. Suppose 4*n - v = -4*v + t, v + 2 = 0. What are the prime factors of n?
7
What are the prime factors of 2/(-8) + (-129)/(-4)?
2
Let i = 5 - -62. What are the prime factors of i?
67
Let f(u) = -u + 5. Let m be f(0). Suppose -m*x - 30 = 20. List the prime factors of (4/x)/((-8)/400).
2, 5
Suppose 7 = 2*i - 1. Suppose 4*g + 11 = o, o - 2*g - i = 3. What are the prime factors of o?
3
Let h be (-2)/8*(7 - 15). Suppose x + 2*g - 42 = -x, h*x - 57 = g. List the prime factors of x.
2, 13
Let m be (-5)/(-10) - (-3)/2. Suppose 3*b - 8 = -0*h - h, m*h = 3*b + 7. Suppose -3*o + 9 = -6, -o - 45 = -h*n. What are the prime factors of n?
2, 5
List the prime factors of 0 - (-7)/(21/9) - -12.
3, 5
Let p(s) = 6*s. Let t(n) = -n**2 + 6*n - 2. Let d be t(6). Let g be p(d). Let r = 18 + g. List the prime factors of r.
2, 3
Let u = 339 + -225. What are the prime factors of u?
2, 3, 19
Let b(q) = q**3 - 10*q**2 - 12*q + 9. Let x(d) = -d**2 + 8. Let w be x(0). Let n be b(w). What are the prime factors of n/(-30) + 1/(-6)?
7
Let p be 74/3 + (-32)/48. Let l = -19 + p. List the prime factors of l.
5
Let x(n) = -3*n**2 + 8*n - 4. Let k(l) = -10*l**2 + 25*l - 11. Let p(b) = -2*k(b) + 7*x(b). Let r = -6 + 10. List the prime factors of p(r).
2
List the prime factors of (-235)/(-1) - -5 - 5.
5, 47
Suppose 2*o = -2*o. Suppose o = -2*a + 4 + 4. Suppose -2*q + 4*p + 8 = -a*q, -p = 4. List the prime factors of q.
2
Let n(v) = 8 + 6 + 2*v - v + v. What are the prime factors of n(0)?
2, 7
Suppose -3*z - 8 = -14. Suppose -3*u + 2 + 7 = 0. Suppose l = -5*o - 4, 2*l + z*o - 26 = -u*l. List the prime factors of l.
2, 3
Let l(c) = 3*c - 3. Let v(a) = 2*a**2 - 4*a. Let j be v(-2). What are the prime factors of l(j)?
3, 5
Suppose -3*j - 5 = 2*j. Let i be ((-4 - -2) + 1)/j. Let z = i + 1. List the prime factors of z.
2
Let a be (-272)/(-8) - (0 + 1). Let s = a - -3. What are the prime factors of s?
2, 3
Suppose 2 = 3*v - 2*v. What are the prime factors of 7/1*(v - 1)?
7
Let u(n) = -n**2 + 8*n - 4. Let l be 3 + -5 + 0 + 5. List the prime factors of u(l).
11
Let b(q) = -2*q**2 + 4*q - 2. Let z be b(2). Let d(c) = -4*c. Let j be d(z). Suppose -2*t + 6 = -j. List the prime factors of t.
7
Let y = 13 + 70. Let m = -37 + y. What are the prime factors of m?
2, 23
Let c = 37 + 31. What are the prime factors of c?
2, 17
Let p(g) = -g**3 + g**2 - g + 1. Let w(u) = 5*u**3 - u**2 - 2. Let m = 4 - 3. Let z(x) = m*w(x) + 4*p(x). List the prime factors of z(-4).
2
Suppose 0 = u - 5*z + 1, -2*z = -3*u + 2*z + 8. List the prime factors of u.
2
Let p(v) = -v**3 - 5*v**2 + 4*v + 9. Let d be p(-6). Suppose -3*m - d = -4*m. Suppose 84 = 5*q - m. List the prime factors of q.
3, 7
Suppose 30 = -0*k + 3*k. List the prime factors of k.
2, 5
Let r = -52 + 6. Let x = 90 + r. What are the prime factors of x?
2, 11
Let n(q) = 20*q**3 - q. What are the prime factors of n(1)?
19
Let s = -124 + 227. List the prime factors of s.
103
Let n = -7 + 4. Let q be (-26)/(n*4/18). Let o = -22 + q. List the prime factors of o.
17
Let i = -2 + 1. Let n be -1*(-4 - -1)*i. Let d = 12 + n. List the prime factors of d.
3
Let c(t) = t**3 - 2*t**2 - 8*t + 11. List the prime factors of c(6).
107
Let a(d) = -d**3 - 6*d**2 - 7*d - 12. Let s be a(-6). Suppose -2*q = 2*m - 0 - s, -3*m + 5*q = -21. List the prime factors of m.
2, 3
Let w = 922 - 557. What are the prime factors of w?
5, 73
Let f be (-3)/(-1 + 10/16). Let w be 5 - f - (-11 + -1). List the prime factors of 6/w + 138/9.
2
Suppose 4*y + 4 = 3*y. List the prime factors of y/(-2)*10/1.
2, 5
Let y = -2 + 3. Let s(v) = v + 2. Let n be s(-3). What are the prime factors of (2 + 0/n)/y?
2
What are the prime factors of (-2)/12 + (-2115)/(-54)?
3, 13
Suppose -a + 3 = -4*a. Let x(d) = -26*d + 2. What are the prime factors of x(a)?
2, 7
Suppose 4*y + 52 = 8*y. List the prime factors of y.
13
Let d be 21/(-4) + (-1)/(-4). Let i = 7 + d. What are the prime factors of i?
2
Let g(c) = -c**3 + 5*c**2 + 1. Suppose -4*w + m + 24 = 2, -4*m = 5*w - 17. Let q be g(w). Let u = q + 6. What are the prime factors of u?
7
Suppose 4*z + 4*j = -28, 5*j = -2*z + 18 - 44. Let w be (324/(-3))/z + 3. Let a = -21 + w. List the prime factors of a.
2, 3
Suppose -4*d = 5*f - 3*f - 322, 155 = f + 4*d. List the prime factors of f.
167
Let o = 11 + -6. Let p(a) = -2*a + 1. Let k be p(2). Let w = o + k. List the prime factors of w.
2
Let c = 5 + -2. Let a be (8/(-3))/(1/c). List the prime factors of (12/8)/((-3)/a).
2
Suppose 3*a + 37 = 145. What are the prime factors of a?
2, 3
Let o(h) = -1. Let u(s) = -12*s - 18. Let k(i) = -18*o(i) + u(i). Suppose -3*j - 2*t = -3, 5*j - 2*t + 3 = -8. List the prime factors of k(j).
2, 3
Let q(m) = 2*m - 2. Let s(x) = 1. Let h(i) = q(i) + 2*s(i). What are the prime factors of h(2)?
2
Suppose w - 2*w + 25 = 0. What are the prime factors of w?
5
Suppose 57 + 15 = -4*b. Let i = b - -29. What are the prime factors of i?
11
Let p be -1 + (0 - -1) + 4. Let q be 7 - (0 + (1 - 0)). List the prime factors of (p/q)/(2/51).
17
Let b(p) = 102*p + 1. What are the prime factors of b(1)?
103
Suppose 1 = 3*u + 2*g - 2, 2*u + 2*g = 0. What are the prime factors of (42/u)/((-4)/(-2))?
7
Let u = -19 - -23. Suppose -1 = 2*t + 5*m - 52, -t - u*m + 18 = 0. List the prime factors of t.
2, 19
Let f(m) = -4*m**3 - 25*m**2 - 24*m + 2. Let a(y) = y**3 + 8*y**2 + 8*y - 1. Let b(o) = 7*a(o) + 2*f(o). What are the prime factors of b(7)?
2
Let n(g) be the third derivative of -g**5/120 + g**4/24 - g**3/6 + 2*g**2. Let f(p) be the first derivative of n(p). List the prime factors of f(-3).
2
Let p(g) = 3*g**2 - 4*g + 6. Let c(v) = 3*v**2 - 4*v + 7. Let k(j) = 5*c(j) - 6*p(j). Let h be k(4). Let z = h + 50. List the prime factors of z.
17
Let r(z) = z**3 - 2*z + 13. List the prime factors of r(0).
13
Let b = 5 - 7. Let x be (4 - 1)*(4 + b). Let a(u) = 2*u**2 - 10*u + 6. List the prime factors of a(x).
2, 3
Suppose -l + 24 = -0*l + 4*j, 2*l + 17 = 5*j. Let a be 14/l - (-4)/(-8). Suppose -a*b + 10 = -2*b. What are the prime factors of b?
2, 5
Suppose 12 = 4*k - 2*y - 12, -3*k + 2*y + 20 = 0. Let v = -15 - -27. Suppose -3*l - v = -k*g, 2*g + 3*l - 6 = -2*l. What are the prime factors of g?
3
Let p(h) = -h**2 + h - 2. Let x be (-21)/(-14) + 2/4. Let s be p(x). Let d = 6 + s. List the prime factors of d.
2
Let i(l) be the first derivative of -l**2 + 4*l - 1. Let y be i(-7). Let u = 29 - y. List the prime factors of u.
11
Let p(q) = -q**2 + 8*q + 6. Let n be p(9). Let c be 1*(-2 - -18)/2. Let x = c - n. What are the prime factors of x?
11
Let q(f) = f**2 - 12*f + 50. List the prime factors of q(8).
2, 3
Suppose 5*y - 63 = 2*y. Let a = y + -38. Let j = -12 - a. List the prime factors of j.
5
List the prime factors of 29*(1 + -2 - -2).
29
Let b be (-5)/(2/(-18)*-3). Suppose -2*k + 1 = -9, 4*k + 13 = -3*f. Let o = f - b. List the prime factors of o.
2
Suppose -5*m = -3*w + 137, 218 = 5*w + 6*m - 4*m. What are the prime factors of w?
2, 11
Suppose 0 = -5*y - 0*y - 4*v + 174, -3*y = 5*v - 94. List the prime factors of y.
2, 19
Let b be (-4)/6 - (-11)/3. Suppose 0 = -2*h - 3*f + 21, -f = -b*h - 4*f + 33. List the prime factors of h.
2, 3
Let i be (12/(-9))/((-1)/6). Let a = -1 + i. Let z = a + 9. List the prime factors of z.
2
Suppose 3*s = s - 16. Let y(x) be the first derivative of x**3/3 + 7*x**2/2 - 2*x - 1. List the prime factors of y(s).
2, 3
Let r(w) = -w**3 - 4*w**2 + 4*w + 5. Let u be r(-4). Let i(m) = -m**3 + 8*m**2 + 11*m + 5. Let v be i(9). Let o = u + v. List the prime factors of o.
2, 3
Let p(z) = -z + 11. Let r be p(8). Let x be ((-12)/14)/(r/(-21)). Let b = x + -4. List the prime factors of b.
2
Let l = 0 - -1. Let a be (l + 2)/((-7)/21). Let u(g) = -g**2 - 8*g + 13. List the prime factors of u(a).
2
Let b(r) = 2*r - 9. Let h(m) = 7*m**2 - 2*m + 1. Let i be h(1). Let v be b(i). Suppose -v*a = -8*a + 25. List the prime factors of a.
5
Let l be 6/(-24) + 2/8. Suppose 4*k - 6*k + 4 = l. Suppose c - k*c - 33 = -4*f, -4*f + 21 = -